{"id":691,"date":"2023-04-04T08:42:40","date_gmt":"2023-04-04T08:42:40","guid":{"rendered":"http:\/\/www.depoparke.com\/?post_type=product&#038;p=691"},"modified":"2023-09-07T13:11:09","modified_gmt":"2023-09-07T13:11:09","slug":"k411-laguna-oak-oe","status":"publish","type":"product","link":"https:\/\/www.kasikogluparke.com\/?product=k411-laguna-oak-oe","title":{"rendered":"K412 Doubloon Oak (OE)"},"content":{"rendered":"<p><em>Super Natural<\/em> ger\u00e7ek\u00e7ilikte yeni bir ba\u015far\u0131.<\/p>\n<p>Super Natural serimiz, zeminlerinize yeni bir ger\u00e7eklik seviyesi sunuyor. Mat veya saten y\u00fczeylerin ger\u00e7ek kabartmalar\u0131, parlak veya mat g\u00f6zeneklerle birle\u015ferek, premium kaliteli ah\u015fap malzemenin en g\u00fczel \u00f6zelliklerini uyumlu bir \u015fekilde yans\u0131t\u0131r ve zeminlerinize do\u011fal bir g\u00f6r\u00fcn\u00fcm ve his verir.<\/p>\n<p><strong>\u00dcr\u00fcn \u00d6zellikleri<\/strong><\/p>\n<p>Paket Boyutu: 1,285 x 192 x 8 mm<\/p>\n<p>20 y\u0131ll\u0131k garanti<\/p>\n<p>T\u00fcm KronoOriginal\u00ae laminat zeminler uluslararas\u0131 kalite standartlar\u0131na uygun olmas\u0131 i\u00e7in s\u0131k\u0131 testlere tabi tutulur. Bu nedenle, her \u00fcr\u00fcnle uzun s\u00fcreli bir garanti veriyoruz <a href=\"https:\/\/www.krono-original.com\/en-gb\/guarantee\" target=\"_blank\" rel=\"noopener\">(garanti ko\u015fullar\u0131 hakk\u0131nda detayl\u0131 bilgi i\u00e7in indirme yapabilirsiniz).<\/a><\/p>\n<p><strong>AC4<\/strong><\/p>\n<p><strong>Senkronize G\u00f6r\u00fcn\u00fcm\u00a0<\/strong><\/p>\n<div class=\"group w-full text-gray-800 dark:text-gray-100 border-b border-black\/10 dark:border-gray-900\/50 bg-gray-50 dark:bg-[#444654]\">\n<div class=\"text-base gap-4 md:gap-6 md:max-w-2xl lg:max-w-xl xl:max-w-3xl p-4 md:py-6 flex lg:px-0 m-auto\">\n<div class=\"relative flex w-[calc(100%-50px)] flex-col gap-1 md:gap-3 lg:w-[calc(100%-115px)]\">\n<div class=\"flex flex-grow flex-col gap-3\">\n<div class=\"min-h-[20px] flex flex-col items-start gap-4 whitespace-pre-wrap\">\n<div class=\"markdown prose w-full break-words dark:prose-invert light\">\n<p>Y\u00fcksek kaliteli Otantik Kabartmal\u0131 hatlar, \u015f\u0131k z\u0131tl\u0131klar ve heyecan verici \u00e7oklu parlakl\u0131k etkisi ile mat ve parlak elementlerle yap\u0131n\u0131n derinli\u011fini vurgular ve \u0131\u015f\u0131\u011f\u0131 farkl\u0131 \u015fekillerde yans\u0131t\u0131r. Senkronize g\u00f6zenekler dekorun dokusunu takip eder, bu da do\u011fal ah\u015fab\u0131n karakterini m\u00fckemmel bir \u015fekilde taklit eder.<\/p>\n<\/div>\n<\/div>\n<\/div>\n<div class=\"flex justify-between lg:block\">\n<div class=\"text-gray-400 flex self-end lg:self-center justify-center mt-2 gap-2 md:gap-3 lg:gap-1 lg:absolute lg:top-0 lg:translate-x-full lg:right-0 lg:mt-0 lg:pl-2 visible\">\n<p><strong><b>4 sided V-groove<\/b><\/strong><\/p>\n<div class=\"propertyDescription\">Panellerin d\u00f6rt taraf\u0131nda oluklu kenarlar\u0131 bulunur, b\u00f6ylece ger\u00e7ek bir zemin tahtas\u0131 g\u00f6r\u00fcn\u00fcm\u00fc sa\u011flan\u0131r.<\/div>\n<div><\/div>\n<div class=\"propertyDescription\"><strong>\u00c7evre Dostu<\/strong><\/div>\n<\/div>\n<\/div>\n<\/div>\n<\/div>\n<\/div>\n<p>T\u00fcm KronoOriginal\u00ae zeminler, s\u00fcrd\u00fcr\u00fclebilir \u015fekilde y\u00f6netilen ormanlardan elde edilen %90&#8217;a kadar ah\u015fap i\u00e7eri\u011fi ile standart olarak \u00e7evre dostudur. Ayr\u0131ca, hammaddeden son \u00fcr\u00fcne kadar olan t\u00fcm \u00fcretim zinciri, ba\u011f\u0131ms\u0131z uzmanlar taraf\u0131ndan d\u00fczenli olarak denetlenir ve sertifikaland\u0131r\u0131l\u0131r, bu da sizin huzurunuz ve \u00e7evremizin korunmas\u0131 i\u00e7in g\u00fcvence sa\u011flar.<\/p>\n<p><strong>A.B.C. Anti Bacterial Comfort<\/strong><\/p>\n<div class=\"group w-full text-gray-800 dark:text-gray-100 border-b border-black\/10 dark:border-gray-900\/50 dark:bg-gray-800\">\n<div class=\"text-base gap-4 md:gap-6 md:max-w-2xl lg:max-w-xl xl:max-w-3xl p-4 md:py-6 flex lg:px-0 m-auto\">\n<div class=\"relative flex w-[calc(100%-50px)] flex-col gap-1 md:gap-3 lg:w-[calc(100%-115px)]\">\n<div class=\"flex flex-grow flex-col gap-3\">\n<div class=\"group w-full text-gray-800 dark:text-gray-100 border-b border-black\/10 dark:border-gray-900\/50 bg-gray-50 dark:bg-[#444654]\">\n<div class=\"text-base gap-4 md:gap-6 md:max-w-2xl lg:max-w-xl xl:max-w-3xl p-4 md:py-6 flex lg:px-0 m-auto\">\n<div class=\"relative flex w-[calc(100%-50px)] flex-col gap-1 md:gap-3 lg:w-[calc(100%-115px)]\">\n<div class=\"flex flex-grow flex-col gap-3\">\n<div class=\"min-h-[20px] flex flex-col items-start gap-4 whitespace-pre-wrap\">\n<div class=\"markdown prose w-full break-words dark:prose-invert light\">\n<p>Zemininizin m\u00fcmk\u00fcn olan en temiz ve bakterilerden ar\u0131nd\u0131r\u0131lm\u0131\u015f kalmas\u0131 do\u011fal olarak b\u00fcy\u00fck bir endi\u015fe kayna\u011f\u0131d\u0131r. KronoOriginal\u00ae A.B.C. Anti Bakteriyel Konfor, zemininizdeki bakteri b\u00fcy\u00fcmesini engeller ve sa\u011fl\u0131kl\u0131 bir ev ortam\u0131ndan kaynaklanan huzuru sizlere sunar.<\/p>\n<p><b>1clic 2go pure<\/b><\/p>\n<\/div>\n<\/div>\n<\/div>\n<div class=\"flex justify-between lg:block\">\n<div class=\"text-gray-400 flex self-end lg:self-center justify-center mt-2 gap-2 md:gap-3 lg:gap-1 lg:absolute lg:top-0 lg:translate-x-full lg:right-0 lg:mt-0 lg:pl-2 visible\">\n<div class=\"propertyDescription\">KronoOriginal\u00ae montaj sistemleri, laminat zemininizi en kolay ve sorunsuz \u015fekilde d\u00f6\u015femenizi sa\u011flamak i\u00e7in \u00f6zel olarak tasarlanm\u0131\u015ft\u0131r. T\u0131klama profilleri, tek tek panellerin minimum ara\u00e7 ve karma\u015f\u0131kl\u0131kla h\u0131zl\u0131 bir \u015fekilde birle\u015ftirilmesine olanak tan\u0131r.<\/div>\n<\/div>\n<\/div>\n<\/div>\n<\/div>\n<\/div>\n<\/div>\n<div><\/div>\n<div class=\"flex justify-between lg:block\"><strong>Class 23<\/strong><\/div>\n<\/div>\n<\/div>\n<\/div>\n<div class=\"group w-full text-gray-800 dark:text-gray-100 border-b border-black\/10 dark:border-gray-900\/50 bg-gray-50 dark:bg-[#444654]\">\n<div class=\"text-base gap-4 md:gap-6 md:max-w-2xl lg:max-w-xl xl:max-w-3xl p-4 md:py-6 flex lg:px-0 m-auto\">\n<div class=\"w-[30px] flex flex-col relative items-end\">\n<div>Evlerde yo\u011fun kullan\u0131ma uygun<\/div>\n<\/div>\n<div><\/div>\n<div><strong>Class 32\u00a0<\/strong><\/div>\n<div>\n<div class=\"group w-full text-gray-800 dark:text-gray-100 border-b border-black\/10 dark:border-gray-900\/50 bg-gray-50 dark:bg-[#444654]\">\n<div class=\"text-base gap-4 md:gap-6 md:max-w-2xl lg:max-w-xl xl:max-w-3xl p-4 md:py-6 flex lg:px-0 m-auto\">\n<div class=\"relative flex w-[calc(100%-50px)] flex-col gap-1 md:gap-3 lg:w-[calc(100%-115px)]\">\n<div class=\"flex flex-grow flex-col gap-3\">\n<div class=\"min-h-[20px] flex flex-col items-start gap-4 whitespace-pre-wrap\">\n<div class=\"markdown prose w-full break-words dark:prose-invert light\">\n<p>Ticari alanlarda normal kullan\u0131m i\u00e7in uygun.<\/p>\n<p><strong><b>VOC A+<\/b><\/strong><\/p>\n<\/div>\n<\/div>\n<\/div>\n<div class=\"flex justify-between lg:block\">\n<div>VOC A+ sertifikas\u0131na sahip en y\u00fcksek kapal\u0131 alan hava kalitesi, i\u00e7 ortam havas\u0131nda solunum yoluyla toksik tehdit olu\u015fturan u\u00e7ucu maddelerin yay\u0131lma d\u00fczeyi hakk\u0131nda bir beyanat\u0131 ifade eder. Bu beyanat A+ (\u00e7ok d\u00fc\u015f\u00fck yay\u0131lma) ile C (y\u00fcksek yay\u0131lma) aras\u0131nda bir \u00f6l\u00e7ekte yer al\u0131r. Ayr\u0131nt\u0131l\u0131 bilgi i\u00e7in: <a href=\"http:\/\/www.eurofins.com\/\" target=\"_new\" rel=\"noopener\">www.eurofins.com<\/a><\/div>\n<\/div>\n<\/div>\n<\/div>\n<\/div>\n<\/div>\n<\/div>\n<\/div>\n<div class=\"group w-full text-gray-800 dark:text-gray-100 border-b border-black\/10 dark:border-gray-900\/50 bg-gray-50 dark:bg-[#444654]\">\n<div class=\"text-base gap-4 md:gap-6 md:max-w-2xl lg:max-w-xl xl:max-w-3xl p-4 md:py-6 flex lg:px-0 m-auto\">\n<div class=\"relative flex w-[calc(100%-50px)] flex-col gap-1 md:gap-3 lg:w-[calc(100%-115px)]\">\n<div class=\"flex flex-grow flex-col gap-3\">\n<div class=\"min-h-[20px] flex flex-col items-start gap-4 whitespace-pre-wrap\">\n<div class=\"markdown prose w-full break-words dark:prose-invert light\"><\/div>\n<\/div>\n<\/div>\n<\/div>\n<\/div>\n<\/div>\n","protected":false},"excerpt":{"rendered":"<p><img loading=\"lazy\" decoding=\"async\" class=\"alignnone size-full wp-image-690\" src=\"http:\/\/www.kasikogluparke.com\/wp-content\/uploads\/2023\/04\/Symbols_Super_Natural.jpg\" alt=\"\" width=\"658\" height=\"358\" srcset=\"https:\/\/www.kasikogluparke.com\/wp-content\/uploads\/2023\/04\/Symbols_Super_Natural.jpg 658w, https:\/\/www.kasikogluparke.com\/wp-content\/uploads\/2023\/04\/Symbols_Super_Natural-300x163.jpg 300w, https:\/\/www.kasikogluparke.com\/wp-content\/uploads\/2023\/04\/Symbols_Super_Natural-600x326.jpg 600w\" sizes=\"auto, (max-width: 658px) 100vw, 658px\" \/><\/p>\n<p><img loading=\"lazy\" decoding=\"async\" class=\"alignnone size-full wp-image-751\" src=\"http:\/\/www.kasikogluparke.com\/wp-content\/uploads\/2023\/04\/100_Krono-e1680783641923.jpeg\" alt=\"\" width=\"300\" height=\"170\" \/><\/p>\n","protected":false},"featured_media":694,"template":"","meta":[],"product_brand":[],"product_cat":[61],"product_tag":[],"class_list":{"0":"post-691","1":"product","2":"type-product","3":"status-publish","4":"has-post-thumbnail","6":"product_cat-sup_nat","8":"first","9":"instock","10":"taxable","11":"shipping-taxable","12":"purchasable","13":"product-type-simple"},"_links":{"self":[{"href":"https:\/\/www.kasikogluparke.com\/index.php?rest_route=\/wp\/v2\/product\/691","targetHints":{"allow":["GET"]}}],"collection":[{"href":"https:\/\/www.kasikogluparke.com\/index.php?rest_route=\/wp\/v2\/product"}],"about":[{"href":"https:\/\/www.kasikogluparke.com\/index.php?rest_route=\/wp\/v2\/types\/product"}],"wp:featuredmedia":[{"embeddable":true,"href":"https:\/\/www.kasikogluparke.com\/index.php?rest_route=\/wp\/v2\/media\/694"}],"wp:attachment":[{"href":"https:\/\/www.kasikogluparke.com\/index.php?rest_route=%2Fwp%2Fv2%2Fmedia&parent=691"}],"wp:term":[{"taxonomy":"product_brand","embeddable":true,"href":"https:\/\/www.kasikogluparke.com\/index.php?rest_route=%2Fwp%2Fv2%2Fproduct_brand&post=691"},{"taxonomy":"product_cat","embeddable":true,"href":"https:\/\/www.kasikogluparke.com\/index.php?rest_route=%2Fwp%2Fv2%2Fproduct_cat&post=691"},{"taxonomy":"product_tag","embeddable":true,"href":"https:\/\/www.kasikogluparke.com\/index.php?rest_route=%2Fwp%2Fv2%2Fproduct_tag&post=691"}],"curies":[{"name":"wp","href":"https:\/\/api.w.org\/{rel}","templated":true}]}}